- c - 3 - 4*j. What are the prime factors of m(-13)?
2, 11
Let i(q) = q**3 + 23*q**2 + 22*q + 2. Let s be i(-22). Suppose -2*u - s*u + r = -332, 0 = u + 5*r - 104. List the prime factors of u.
2, 3, 7
Let y = 2142 + -1050. What are the prime factors of y?
2, 3, 7, 13
Let f(r) = -r**2 - 13*r - 27. Let q be f(-9). Let b = 47 - q. List the prime factors of b.
2, 19
What are the prime factors of ((-2476)/8)/((-4)/32)?
2, 619
Let d(b) = 2*b + 15. Let g(r) be the second derivative of -r**3/6 + 5*r. Let n(c) = -d(c) - 6*g(c). What are the prime factors of n(11)?
29
Suppose -5*z + 260 = 25. Suppose 37*l - z*l + 140 = 0. List the prime factors of l.
2, 7
Let d = -118 + 275. List the prime factors of d.
157
Let i(a) = -a**3 + 35*a**2 - 27*a + 45. List the prime factors of i(34).
283
What are the prime factors of (-5)/(250/(-20)) - (-37206)/10?
61
Suppose 17*x = 16*x + 1209. List the prime factors of x.
3, 13, 31
Let q(x) = -x**3 - 6*x**2 - 9*x - 4. Let m be q(-4). Suppose -g + 185 = 5*o - 5*g, -3*o + 5*g + 98 = m. What are the prime factors of o?
41
Let v(y) = -37*y - 22. Let u be v(-5). Suppose -5*m + u = 8. List the prime factors of m.
31
Suppose 4*z - s - 618 = 3*z, 3086 = 5*z - 4*s. Suppose 3*b = -4*c + z, 2*c - 166 - 146 = -4*b. What are the prime factors of c?
2, 19
Let r(o) = 4*o**2 + 30*o - 12. What are the prime factors of r(5)?
2, 7, 17
Let f(a) = 20*a + 1145. List the prime factors of f(0).
5, 229
Let j = 162 - 296. Let b = 257 + j. List the prime factors of b.
3, 41
Let v = -1572 + 2214. List the prime factors of v.
2, 3, 107
Let q be (0 - 2) + 16/(-4 + 0). Let i(k) = 6*k**2 - 4*k - 15. List the prime factors of i(q).
3, 5
Suppose 2*d - s = 3*s + 16, -4*s + 12 = 5*d. Suppose -5*b + 6 = -d*l + 1, -4*b + 3 = -3*l. Let r = l - -38. List the prime factors of r.
3, 11
Let q(z) = z**3 + 4*z**2 - 6*z - 3. Let d be q(-5). Suppose 78 = m + d*m. Suppose 219 + m = 5*f. What are the prime factors of f?
7
Suppose -3*j = 2*q - 3815, -2*q - 2*q = 4*j - 7628. List the prime factors of q.
2, 953
Let t(x) be the first derivative of -6*x - 11/2*x**2 - 1/3*x**3 - 4. List the prime factors of t(-4).
2, 11
Let b = -2062 + 3067. List the prime factors of b.
3, 5, 67
Let f(l) = -49*l - 1. Let d be f(-1). Let v = d + -44. What are the prime factors of v?
2
Suppose -4*s - 5*n = -1019, -4*s - 12*n = -9*n - 1013. Suppose 0 = -5*j + 3*g - 101 + s, -3*g + 114 = 3*j. List the prime factors of j.
3, 11
Let k(y) = 2*y**3 - 6*y**2 + 3*y. Let b be k(4). Let q = -38 + b. What are the prime factors of q?
2, 3
Suppose -5*n + 345 = s, 2*s - 2 - 8 = 0. Suppose 0 = -i + n + 18. What are the prime factors of i?
2, 43
Let v = 27 + -24. Suppose c = v*c - 14. List the prime factors of c.
7
Let j(k) = 107*k + 72. List the prime factors of j(4).
2, 5
Let c(y) = -5*y**2 - 3*y - 12. Let z(i) = -11*i**2 - 5*i - 23. Let u(o) = -5*c(o) + 2*z(o). What are the prime factors of u(-6)?
2, 23
Suppose 12*a - 3 = 609. List the prime factors of (3 - 5) + 5 + (a - 1).
53
Let f = -72 + 63. List the prime factors of f/(504/(-2224)) - (-4)/14.
2, 5
Let q(s) = 55*s**2 - 4*s - 14. Let m be q(-4). Let h = m + -577. What are the prime factors of h?
5, 61
Let c be (5 - (-3 - -4))/((-4)/(-740)). Suppose c = -35*r + 39*r. What are the prime factors of r?
5, 37
Suppose -8*b + 9*b - 2*i = 560, 0 = 4*i - 12. List the prime factors of b.
2, 283
Let h(i) = -i**3 - 72*i**2 + 64*i - 520. List the prime factors of h(-73).
137
Suppose 0*w - 4*w = -5*j + 1686, 5*j - 1674 = w. Suppose -3*i + j = 91. List the prime factors of i.
3
Let y(d) = 189*d + 16. List the prime factors of y(4).
2, 193
Let x = 25 + -20. Suppose 5*c - 4*h = 544, 4*c + 535 = 9*c + x*h. What are the prime factors of c?
2, 3
Let g(v) = v**2 - 5*v - 15. Let h(u) = -u**3 - 10*u**2 - 13*u - 20. Let o be h(-9). What are the prime factors of g(o)?
7, 23
Suppose -b - 128 = 5*z - 776, 1 = -z. List the prime factors of b.
653
Let y(t) = 22 - 5 - 9*t - 11. What are the prime factors of y(-5)?
3, 17
Let x be -1*(-1)/(-2)*-2. Let a be (-2)/((-69)/66 + x). Suppose -u + a = 3*u. What are the prime factors of u?
11
Let t be (4 - 3)*18/(-2). What are the prime factors of (483/t)/((-3)/9)?
7, 23
What are the prime factors of (-2)/(12/1970)*(-126)/70?
3, 197
Let x(z) = z + 7. Let h(u) = -u + 1. Let s(b) = -2*h(b) - x(b). Let a be s(12). What are the prime factors of 17/((-2 + a)*1)?
17
Let v be -3*3/(-9) - 6. Suppose -4*p + 33 = -5*c, -5*p = 5*c - 1 + 16. List the prime factors of (v/p)/((-5)/60).
2, 3, 5
Let g(o) = o**3 + 9*o**2 - 2*o + 12. Let c be g(-6). Suppose 10*h = 6*h + c. What are the prime factors of h?
3, 11
Suppose 0 = -5*z + 2*l - 22, -4*z - 5*l - 9 - 2 = 0. What are the prime factors of 0 + z/10 - 96/(-40)?
2
Suppose 6 = -2*o + 2. Suppose -2*a - 8 = -7*z + 3*z, -4*a - z - 52 = 0. List the prime factors of a/o*2 + 1.
13
Let g = 1226 + -394. What are the prime factors of g?
2, 13
Suppose -4*f + 799 + 361 = 3*v, 4*f = 3*v + 1136. List the prime factors of f.
7, 41
Let m(z) be the third derivative of 43/6*z**3 + 0*z**5 + 0 + 1/120*z**6 + 0*z + 0*z**4 - 12*z**2. What are the prime factors of m(0)?
43
Let x = 29 + -41. Let w = 63 + x. Suppose w - 18 = o. List the prime factors of o.
3, 11
Suppose 5*g - 18 = 12. Suppose g + 21 = r. What are the prime factors of r?
3
Suppose 4*s - s + 4*n = 1120, n + 1100 = 3*s. Suppose 0 = 3*k + 2*o - s, 0 = -3*k + k + o + 243. List the prime factors of k.
2, 61
Let l = 23 + -23. Let a be (-3)/(1/(-1)) - l. Suppose 3*i = 7*i - 5*u - 41, -a*i = -4*u - 30. List the prime factors of i.
2, 7
Suppose 7*h - 19 = 3*h + 3*t, 0 = -3*t - 3. Suppose -f - 2 = 5*g, -2*f + 6 = -0. List the prime factors of g/2*(-12 + h).
2
Let y(q) = 43*q**2 + 1. Let x(r) = -r**2 - 7*r - 2. Let t(h) = h**2 + 6*h + 2. Let l(u) = -5*t(u) - 4*x(u). Let c be l(-1). What are the prime factors of y(c)?
2, 11
Suppose -7 = -2*u + i, 3*u = u + 2*i + 6. Suppose -2*g = d, -4*g - 12 = -2*g + u*d. List the prime factors of 30/g - (1 - -1).
13
Let p(k) = 1 - 2*k + 183*k**3 - 181*k**3 + 2 - 4 - 5*k**2. What are the prime factors of p(4)?
3, 13
Let p(u) = -u**2 + 19*u - 15. Let i be p(13). Let q = 44 - i. Let h = 32 + q. What are the prime factors of h?
13
Let u(h) = h**3 - 2*h - 1. Let n be u(2). Suppose -5*f + 2*g = 48, 0 = -n*f + 3*g - 31 - 5. What are the prime factors of 20/5*(-100)/f?
2, 5
Suppose 4*f = 0, -4*d - 6*f + 3*f + 8 = 0. Suppose -d*c - 183 = -5*z, -2*z + 7*z - 4*c - 181 = 0. What are the prime factors of z?
37
Suppose -6*j = 5*j - 6039. List the prime factors of j.
3, 61
Let w(t) = t**2 + 22. Let n be 18/(-4)*44/33. Let k = n - -6. List the prime factors of w(k).
2, 11
Let b(t) = -t + 6. Let y be b(4). Suppose -3*v + 8 = y*j, -2*j + 3*j + 7 = 4*v. Suppose v*r = -k + 15, 0 = -k + 6*k + r - 93. List the prime factors of k.
19
Let c(l) = 4*l + 20. Let v be c(-18). Let y be (-2)/((-96)/v + -2). Suppose -y*a + 17*a - 296 = 0. List the prime factors of a.
2, 37
Suppose -5*p + 1190 = -2*z, 4*z + 725 + 239 = 4*p. Suppose p = -40*v + 44*v. What are the prime factors of v?
59
Let n be (1/(-2))/(8/(-96)). Suppose n*t - 276 = -0*t. What are the prime factors of t?
2, 23
Let w = -8 + 0. Let s = 54 + w. List the prime factors of s.
2, 23
Let n(l) = 24*l**2 - 14*l - 152. What are the prime factors of n(-7)?
2, 3, 11, 17
Let h(b) = -11*b - 162. Let i be h(-18). Let l = -86 + 57. Let a = i + l. What are the prime factors of a?
7
Suppose 611 = h - 467. List the prime factors of h.
2, 7, 11
Suppose -62*y + 24402 = -18750. What are the prime factors of y?
2, 3, 29
Let c(n) = 0 + 7*n**2 - 8*n**2 + 9*n + 5 + 0*n**2. Let o be c(9). Suppose 2*z - o*h = 42, 5*z = -h + 25 + 53. What are the prime factors of z?
2
Suppose -4*o = o - 20. Suppose 0 = -z - 5*s + 67, -7*z = -2*z - 2*s - 254. Suppose -3*y = -5*c + 27 + z, -y + 53 = o*c. What are the prime factors of c?
2, 7
Let y = -46 + 43. List the prime factors of (134 - 0)*(y + (-9)/(-2)).
3, 67
Suppose -5*x = -16 - 279. Let m = x - 30. What are the prime factors of m?
29
Let p(w) be the third derivative of w**6/120 + w**5/5 + w**4/4 + 5*w**3/2 - 13*w**2. What are the prime factors of p(-11)?
2, 5, 7
Let l be (4/10)/(-1*3/(-15)). Let z(x) = -x**2 - 5*x - 5. Let f be z(-4). What are the prime factors of l*(18 + -2 + f)?
2, 3, 5
Let k 